{"id":119,"date":"2024-03-31T20:06:59","date_gmt":"2024-03-31T18:06:59","guid":{"rendered":"https:\/\/signoretanais.com\/?page_id=119"},"modified":"2026-04-06T09:52:31","modified_gmt":"2026-04-06T07:52:31","slug":"massage","status":"publish","type":"page","link":"https:\/\/signoretanais.com\/index.php\/massage\/","title":{"rendered":"Massage Th\u00e9rapeutique"},"content":{"rendered":"\t\t<div data-elementor-type=\"wp-page\" data-elementor-id=\"119\" class=\"elementor elementor-119\">\n\t\t\t\t<div class=\"elementor-element elementor-element-78c377f e-flex e-con-boxed e-con e-parent\" data-id=\"78c377f\" data-element_type=\"container\" data-e-type=\"container\">\n\t\t\t\t\t<div class=\"e-con-inner\">\n\t\t\t\t<div class=\"elementor-element elementor-element-379c222 elementor-widget elementor-widget-heading\" data-id=\"379c222\" data-element_type=\"widget\" data-e-type=\"widget\" data-widget_type=\"heading.default\">\n\t\t\t\t<div class=\"elementor-widget-container\">\n\t\t\t\t\t<h2 class=\"elementor-heading-title elementor-size-default\">Drainage Lymphatique (m\u00e9t. Vodder)<\/h2>\t\t\t\t<\/div>\n\t\t\t\t<\/div>\n\t\t\t\t<div class=\"elementor-element elementor-element-bb673a1 elementor-align-center elementor-widget elementor-widget-button\" data-id=\"bb673a1\" data-element_type=\"widget\" data-e-type=\"widget\" data-widget_type=\"button.default\">\n\t\t\t\t<div class=\"elementor-widget-container\">\n\t\t\t\t\t\t\t\t\t<div class=\"elementor-button-wrapper\">\n\t\t\t\t\t<a class=\"elementor-button elementor-button-link elementor-size-sm\" href=\"https:\/\/calendly.com\/signoretanais\">\n\t\t\t\t\t\t<span class=\"elementor-button-content-wrapper\">\n\t\t\t\t\t\t\t\t\t<span class=\"elementor-button-text\">R\u00e9server un drainage lymphatique<\/span>\n\t\t\t\t\t<\/span>\n\t\t\t\t\t<\/a>\n\t\t\t\t<\/div>\n\t\t\t\t\t\t\t\t<\/div>\n\t\t\t\t<\/div>\n\t\t\t\t<div class=\"elementor-element elementor-element-2142520 elementor-widget elementor-widget-image\" data-id=\"2142520\" data-element_type=\"widget\" data-e-type=\"widget\" data-widget_type=\"image.default\">\n\t\t\t\t<div class=\"elementor-widget-container\">\n\t\t\t\t\t\t\t\t\t\t\t\t\t\t\t<img fetchpriority=\"high\" decoding=\"async\" width=\"1536\" height=\"922\" src=\"https:\/\/signoretanais.com\/wp-content\/uploads\/2024\/04\/9-1536x922.png\" class=\"attachment-1536x1536 size-1536x1536 wp-image-221\" alt=\"\" srcset=\"https:\/\/signoretanais.com\/wp-content\/uploads\/2024\/04\/9-1536x922.png 1536w, https:\/\/signoretanais.com\/wp-content\/uploads\/2024\/04\/9-350x210.png 350w, https:\/\/signoretanais.com\/wp-content\/uploads\/2024\/04\/9-300x180.png 300w, https:\/\/signoretanais.com\/wp-content\/uploads\/2024\/04\/9-1024x614.png 1024w, https:\/\/signoretanais.com\/wp-content\/uploads\/2024\/04\/9-768x461.png 768w, https:\/\/signoretanais.com\/wp-content\/uploads\/2024\/04\/9.png 2000w\" sizes=\"100vw\" \/>\t\t\t\t\t\t\t\t\t\t\t\t\t\t\t<\/div>\n\t\t\t\t<\/div>\n\t\t\t\t<div class=\"elementor-element elementor-element-5774e8a elementor-widget elementor-widget-text-editor\" data-id=\"5774e8a\" data-element_type=\"widget\" data-e-type=\"widget\" data-widget_type=\"text-editor.default\">\n\t\t\t\t<div class=\"elementor-widget-container\">\n\t\t\t\t\t\t\t\t\t<p><span style=\"font-size: 1rem;\">Lorsque, dans les ann\u00e9es 30, le <strong>Dr.<\/strong> <\/span><strong style=\"font-size: 1rem;\">Emil Vodder<\/strong><span style=\"font-size: 1rem;\">\u00a0d\u00e9veloppe le drainage lymphatique manuel en France, il ne pouvait pas se r\u00e9f\u00e9rer \u00e0 des techniques manuelles existantes. Les massages classiques qui travaillent sur la musculature et les fascias n\u2019\u00e9taient pas une base pour cr\u00e9er une technique qui devait influencer le milieu liquide du corps.<\/span><\/p><p><strong>Vodder<\/strong>\u00a0part d\u2019une constatation simple : 70% de l\u2019organisme humain est compos\u00e9 de liquide. L\u2019eau, base de la vie, assure l\u2019interaction et l\u2019\u00e9change mol\u00e9culaire et cellulaire du corps. Dans l\u2019organisme humain, le syst\u00e8me lymphatique joue le r\u00f4le d\u2019une s\u00e9curit\u00e9 : il \u00e9vacue le surplus du liquide tissulaire et v\u00e9hicule l\u2019eau, les prot\u00e9ines, les mol\u00e9cules de graisses, les cellules libres et les d\u00e9chets en direction des ganglions lymphatiques. La lymphe, une fois purifi\u00e9e, se d\u00e9verse dans le syst\u00e8me veineux.<\/p><p>L\u2019int\u00e9r\u00eat du drainage lymphatique manuel selon la m\u00e9thode originale du Dr <strong>Vodder<\/strong>\u00a0r\u00e9side ainsi dans son influence favorable sur le milieu liquide du corps.\u00a0En d\u00e9pla\u00e7ant la peau sur son tissu sous-jacent en direction de l\u2019\u00e9vacuation de la lymphe par des mouvements circulaires, avec une pression l\u00e9g\u00e8re qui augmente et diminue progressivement, la technique favorise le nettoyage, la d\u00e9sintoxication et la d\u00e9congestion du tissu conjonctif et des ganglions lymphatiques. Le drainage m\u00e9thode Vodder n&rsquo;est pas douloureux (et ne laisse pas d&rsquo;h\u00e9matome).<\/p><h5>Pourquoi faire une cure de drainage lymphatique ?<\/h5><p data-start=\"257\" data-end=\"366\">Le drainage lymphatique est particuli\u00e8rement efficace lorsqu\u2019il est r\u00e9alis\u00e9 en <strong data-start=\"336\" data-end=\"365\">cure de plusieurs s\u00e9ances<\/strong>.\u00a0En effet, une seule s\u00e9ance permet de relancer la circulation et d\u2019apporter une sensation de l\u00e9g\u00e8ret\u00e9, mais les effets restent ponctuels.<\/p><p data-start=\"506\" data-end=\"580\"><img decoding=\"async\" class=\"emoji\" role=\"img\" draggable=\"false\" src=\"https:\/\/s.w.org\/images\/core\/emoji\/17.0.2\/svg\/1f449.svg\" alt=\"\ud83d\udc49\" \/> En cure (5 ou 10 s\u00e9ances), le travail est <strong data-start=\"551\" data-end=\"578\">progressif et cumulatif<\/strong> :<\/p><ul data-start=\"581\" data-end=\"861\"><li data-section-id=\"tqotjo\" data-start=\"581\" data-end=\"638\">la circulation lymphatique est stimul\u00e9e en profondeur<\/li><li data-section-id=\"1myucea\" data-start=\"639\" data-end=\"686\">les tissus sont durablement d\u00e9congestionn\u00e9s<\/li><li data-section-id=\"opxk9y\" data-start=\"687\" data-end=\"735\">la r\u00e9tention d\u2019eau diminue plus efficacement<\/li><li data-section-id=\"ky4y1n\" data-start=\"736\" data-end=\"784\">le corps \u00e9limine plus facilement les toxines<\/li><li data-section-id=\"4d7ilu\" data-start=\"785\" data-end=\"861\">les r\u00e9sultats sont <strong data-start=\"806\" data-end=\"830\">visibles et durables<\/strong> (silhouette, confort, \u00e9nergie)<\/li><\/ul><p data-start=\"863\" data-end=\"1021\">C\u2019est un peu comme relancer une machine qui tourne au ralenti : une seule impulsion aide, mais plusieurs permettent de retrouver un fonctionnement optimal.\u00a0Selon vos besoins (fatigue, jambes lourdes, r\u00e9tention d\u2019eau, p\u00e9riode de stress\u2026), une cure de <strong data-start=\"1117\" data-end=\"1130\">5 s\u00e9ances<\/strong> permet d\u00e9j\u00e0 un vrai coup de boost, tandis qu\u2019une cure de <strong data-start=\"1188\" data-end=\"1202\">10 s\u00e9ances<\/strong> offre un travail plus en profondeur.<\/p><h5><strong>B\u00c9N\u00c9FICES &#8211; DRAINAGE LYMPHATIQUE METHODE VODDER<\/strong><\/h5><ul><li>D\u00e9toxication de l&rsquo;organisme<\/li><li>D\u00e9contraction musculaire<\/li><li>Soutien du syst\u00e8me immunitaire<\/li><li>Diminution de la r\u00e9tention d&rsquo;eau<\/li><li>Am\u00e9lioration de la circulation des liquides interstitiels<\/li><li>Apaisement du syst\u00e8me nerveux<\/li><\/ul><h5>D\u00e9tail de la s\u00e9ance<\/h5><p>S\u00e9ance 60 min, drainage bras &#8211; ventre &#8211; jambes<\/p>\t\t\t\t\t\t\t\t<\/div>\n\t\t\t\t<\/div>\n\t\t\t\t\t<\/div>\n\t\t\t\t<\/div>\n\t\t<div class=\"elementor-element elementor-element-4d9047e e-flex e-con-boxed e-con e-parent\" data-id=\"4d9047e\" data-element_type=\"container\" data-e-type=\"container\">\n\t\t\t\t\t<div class=\"e-con-inner\">\n\t\t\t\t<div class=\"elementor-element elementor-element-91f60c0 elementor-widget elementor-widget-heading\" data-id=\"91f60c0\" data-element_type=\"widget\" data-e-type=\"widget\" data-widget_type=\"heading.default\">\n\t\t\t\t<div class=\"elementor-widget-container\">\n\t\t\t\t\t<h2 class=\"elementor-heading-title elementor-size-default\">Massage Chi Ne\u00ef Tsang<\/h2>\t\t\t\t<\/div>\n\t\t\t\t<\/div>\n\t\t\t\t<div class=\"elementor-element elementor-element-9c24d1c elementor-align-center elementor-widget elementor-widget-button\" data-id=\"9c24d1c\" data-element_type=\"widget\" data-e-type=\"widget\" data-widget_type=\"button.default\">\n\t\t\t\t<div class=\"elementor-widget-container\">\n\t\t\t\t\t\t\t\t\t<div class=\"elementor-button-wrapper\">\n\t\t\t\t\t<a class=\"elementor-button elementor-button-link elementor-size-sm\" href=\"https:\/\/calendly.com\/signoretanais\">\n\t\t\t\t\t\t<span class=\"elementor-button-content-wrapper\">\n\t\t\t\t\t\t\t\t\t<span class=\"elementor-button-text\">R\u00e9server un Chi Ne\u00ef Tsang<\/span>\n\t\t\t\t\t<\/span>\n\t\t\t\t\t<\/a>\n\t\t\t\t<\/div>\n\t\t\t\t\t\t\t\t<\/div>\n\t\t\t\t<\/div>\n\t\t\t\t<div class=\"elementor-element elementor-element-523461a elementor-widget elementor-widget-image\" data-id=\"523461a\" data-element_type=\"widget\" data-e-type=\"widget\" data-widget_type=\"image.default\">\n\t\t\t\t<div class=\"elementor-widget-container\">\n\t\t\t\t\t\t\t\t\t\t\t\t\t\t\t<img decoding=\"async\" width=\"525\" height=\"315\" src=\"https:\/\/signoretanais.com\/wp-content\/uploads\/2024\/04\/7-1024x614.png\" class=\"attachment-large size-large wp-image-219\" alt=\"\" srcset=\"https:\/\/signoretanais.com\/wp-content\/uploads\/2024\/04\/7-1024x614.png 1024w, https:\/\/signoretanais.com\/wp-content\/uploads\/2024\/04\/7-350x210.png 350w, https:\/\/signoretanais.com\/wp-content\/uploads\/2024\/04\/7-300x180.png 300w, https:\/\/signoretanais.com\/wp-content\/uploads\/2024\/04\/7-768x461.png 768w, https:\/\/signoretanais.com\/wp-content\/uploads\/2024\/04\/7-1536x922.png 1536w, https:\/\/signoretanais.com\/wp-content\/uploads\/2024\/04\/7.png 2000w\" sizes=\"100vw\" \/>\t\t\t\t\t\t\t\t\t\t\t\t\t\t\t<\/div>\n\t\t\t\t<\/div>\n\t\t\t\t<div class=\"elementor-element elementor-element-eb42a26 elementor-widget elementor-widget-text-editor\" data-id=\"eb42a26\" data-element_type=\"widget\" data-e-type=\"widget\" data-widget_type=\"text-editor.default\">\n\t\t\t\t<div class=\"elementor-widget-container\">\n\t\t\t\t\t\t\t\t\t<p>Le Chi Nei Tsang est un massage abdominal des organes internes : foie, estomac, intestins, rate \u2026 En \u00e9nerg\u00e9tique chinoise on consid\u00e8re l\u2019abdomen comme le si\u00e8ge de nos \u00e9motions. C\u2019est pour cette raison que le ventre est une zone tr\u00e8s importante. Son \u00e9quilibre \u00e9nerg\u00e9tique est primordial pour une harmonisation \u00e9motionnelle. Le but \u00e9tant d\u2019\u00e9tablir un \u00e9quilibre.\u00a0En effet chaque organe est reli\u00e9 \u00e0 une \u00e9motion positive et n\u00e9gative :<\/p><ul><li style=\"list-style-type: none;\"><ul><li>Le c\u0153ur : la joie s\u2019oppose \u00e0 l\u2019impatience<\/li><li>Le poumon : l\u2019acceptation s\u2019oppose \u00e0 la tristesse<\/li><li>Le foie : la gentillesse s\u2019oppose \u00e0 la col\u00e8re<\/li><li>Le rein : la vivacit\u00e9 s\u2019oppose \u00e0 la peur<\/li><li>La rate\/ estomac : la compassion qui s\u2019oppose \u00e0 l\u2019anxi\u00e9t\u00e9<\/li><\/ul><\/li><\/ul><p>Lors d\u2019une s\u00e9ance de Chi Nei Tsang, le praticien va donc se concentrer sur la zone de l\u2019abdomen. On va d\u00e9tendre, lib\u00e9rer les zones de tensions du ventre afin de lib\u00e9rer les n\u0153uds \u00e9nerg\u00e9tiques afin de r\u00e9tablir une circulation harmonieuse.<\/p><p>On va associer des techniques manuelles de massage \u00e0 des respirations. Par l\u2019action sur les organes, on va agir indirectement et pr\u00e9ventivement sur l\u2019immunit\u00e9. En effet des organes, dont l\u2019\u00e9nergie est harmonieuse, participent au r\u00e9veil du pouvoir d\u2019auto-gu\u00e9rissons du corps, de l\u2019\u00eatre. C\u2019est pour cette raison qu\u2019il est important durant la s\u00e9ance de verbaliser son ressenti avec le praticien, cela lib\u00e8re vos \u00e9motions.<\/p><h5>Pourquoi faire une cure de Chi Nei Tsang ?<\/h5><p data-start=\"1092\" data-end=\"1224\">Si une s\u00e9ance unique apporte d\u00e9j\u00e0 une sensation de d\u00e9tente et de l\u00e9g\u00e8ret\u00e9, <strong data-start=\"1167\" data-end=\"1221\">les effets sont maximis\u00e9s sur une s\u00e9rie de s\u00e9ances<\/strong>.<\/p><p data-start=\"1226\" data-end=\"1255\">En cure (5 ou 10 s\u00e9ances) :<\/p><ul data-start=\"1256\" data-end=\"1512\"><li data-section-id=\"198mq61\" data-start=\"1256\" data-end=\"1326\">les tensions profondes de l\u2019abdomen sont progressivement rel\u00e2ch\u00e9es<\/li><li data-section-id=\"w0vsv6\" data-start=\"1327\" data-end=\"1387\">la d\u00e9toxification des organes internes est plus compl\u00e8te<\/li><li data-section-id=\"1h7sq31\" data-start=\"1388\" data-end=\"1451\">l\u2019\u00e9quilibre digestif et \u00e9nerg\u00e9tique se r\u00e9tablit durablement<\/li><li data-section-id=\"17542g1\" data-start=\"1452\" data-end=\"1512\">le corps et l\u2019esprit retrouvent une harmonie plus stable<\/li><\/ul><p data-start=\"1514\" data-end=\"1724\"><strong data-start=\"1517\" data-end=\"1536\">Astuce pratique<\/strong> : une cure de 5 s\u00e9ances permet d\u00e9j\u00e0 un r\u00e9el bien-\u00eatre abdominal et une meilleure digestion, tandis qu\u2019une cure de 10 s\u00e9ances apporte un travail plus en profondeur, durable et cumulatif.<\/p><h5><strong>B\u00c9N\u00c9FICES &#8211; Chi Ne\u00ef Tsang<\/strong><\/h5><ul><li style=\"list-style-type: none;\"><ul><li>Am\u00e9lioration des troubles intestinaux<\/li><li>Diminution de l\u2019anxi\u00e9t\u00e9, des angoisses<\/li><li>Att\u00e9nuation des douleurs lombaires<\/li><li>Lib\u00e9ration des blocages \u00e9motionnels<\/li><\/ul><\/li><\/ul><p>Le massage Chi Nei Tsang peut \u00eatre pratiqu\u00e9 de fa\u00e7on pr\u00e9ventive ( au moment des changements de saisons ) ou lors de l\u2019apparition d\u2019un d\u00e9s\u00e9quilibre. Il est surement aussi le moment quand vous prononcez ce genre d\u2019expressions : \u201cje me fais de la bile\u201d , \u201cj\u2019ai la boule au ventre\u201d, \u201cj\u2019ai l\u2019estomac nou\u00e9\u201d \u2026<\/p><h5>D\u00e9tail de la s\u00e9ance<\/h5><p>S\u00e9ance 60 min\u00a0<\/p>\t\t\t\t\t\t\t\t<\/div>\n\t\t\t\t<\/div>\n\t\t\t\t\t<\/div>\n\t\t\t\t<\/div>\n\t\t<div class=\"elementor-element elementor-element-60ad384 e-flex e-con-boxed e-con e-parent\" data-id=\"60ad384\" data-element_type=\"container\" data-e-type=\"container\">\n\t\t\t\t\t<div class=\"e-con-inner\">\n\t\t\t\t<div class=\"elementor-element elementor-element-a506a00 elementor-widget elementor-widget-heading\" data-id=\"a506a00\" data-element_type=\"widget\" data-e-type=\"widget\" data-widget_type=\"heading.default\">\n\t\t\t\t<div class=\"elementor-widget-container\">\n\t\t\t\t\t<h2 class=\"elementor-heading-title elementor-size-default\">Massage ayurv\u00e9dique Abhyanga<\/h2>\t\t\t\t<\/div>\n\t\t\t\t<\/div>\n\t\t\t\t<div class=\"elementor-element elementor-element-11745da elementor-align-center elementor-widget elementor-widget-button\" data-id=\"11745da\" data-element_type=\"widget\" data-e-type=\"widget\" data-widget_type=\"button.default\">\n\t\t\t\t<div class=\"elementor-widget-container\">\n\t\t\t\t\t\t\t\t\t<div class=\"elementor-button-wrapper\">\n\t\t\t\t\t<a class=\"elementor-button elementor-button-link elementor-size-sm\" href=\"https:\/\/calendly.com\/signoretanais\">\n\t\t\t\t\t\t<span class=\"elementor-button-content-wrapper\">\n\t\t\t\t\t\t\t\t\t<span class=\"elementor-button-text\">R\u00e9server un Abhyanga<\/span>\n\t\t\t\t\t<\/span>\n\t\t\t\t\t<\/a>\n\t\t\t\t<\/div>\n\t\t\t\t\t\t\t\t<\/div>\n\t\t\t\t<\/div>\n\t\t\t\t<div class=\"elementor-element elementor-element-bed0861 elementor-widget elementor-widget-image\" data-id=\"bed0861\" data-element_type=\"widget\" data-e-type=\"widget\" data-widget_type=\"image.default\">\n\t\t\t\t<div class=\"elementor-widget-container\">\n\t\t\t\t\t\t\t\t\t\t\t\t\t\t\t<img decoding=\"async\" width=\"525\" height=\"350\" src=\"https:\/\/signoretanais.com\/wp-content\/uploads\/2025\/03\/chinese-medicine-3666269_1280-1024x682.jpg\" class=\"attachment-large size-large wp-image-398\" alt=\"\" srcset=\"https:\/\/signoretanais.com\/wp-content\/uploads\/2025\/03\/chinese-medicine-3666269_1280-1024x682.jpg 1024w, https:\/\/signoretanais.com\/wp-content\/uploads\/2025\/03\/chinese-medicine-3666269_1280-350x233.jpg 350w, https:\/\/signoretanais.com\/wp-content\/uploads\/2025\/03\/chinese-medicine-3666269_1280-300x200.jpg 300w, https:\/\/signoretanais.com\/wp-content\/uploads\/2025\/03\/chinese-medicine-3666269_1280-768x512.jpg 768w, https:\/\/signoretanais.com\/wp-content\/uploads\/2025\/03\/chinese-medicine-3666269_1280.jpg 1280w\" sizes=\"100vw\" \/>\t\t\t\t\t\t\t\t\t\t\t\t\t\t\t<\/div>\n\t\t\t\t<\/div>\n\t\t\t\t<div class=\"elementor-element elementor-element-83ffca5 elementor-widget elementor-widget-text-editor\" data-id=\"83ffca5\" data-element_type=\"widget\" data-e-type=\"widget\" data-widget_type=\"text-editor.default\">\n\t\t\t\t<div class=\"elementor-widget-container\">\n\t\t\t\t\t\t\t\t\t<p>Tout droit venu du nord de l\u2019Inde, le massage Abhyanga est un massage \u00e0 l\u2019huile de s\u00e9same r\u00e9put\u00e9 pour ses vertus relaxantes et \u00e9nergisantes. L&rsquo;Abhyanga s\u2019appuie sur les sept centres \u00e9nerg\u00e9tiques du corps (les\u00a0<a href=\"https:\/\/www.passeportsante.net\/fr\/psychologie\/Fiche.aspx?doc=chakras\" target=\"_blank\" rel=\"noopener\">chakras<\/a>), que le praticien va r\u00e9\u00e9quilibrer en stimulant les trajets de l\u2019\u00e9nergie afin de permettre \u00e0 cette derni\u00e8re de circuler librement dans tout le corps. C&rsquo;est un massage enveloppant et doux.<\/p><h5><strong>B\u00c9N\u00c9FICES &#8211; Abhyanga<\/strong><\/h5><div><ul><li style=\"list-style-type: none;\"><ul><li>Am\u00e9lioration de la concentration et de la qualit\u00e9 du sommeil<\/li><li>Soulager la digestion difficile<\/li><li>Booster le bien-\u00eatre et \u00e9viter au l\u00e2cher prise<\/li><li>Favoriser une bonne circulation sanguine<\/li><li>Rel\u00e2cher les tensions musculaires<\/li><\/ul><\/li><\/ul><\/div><div><div><p>Le massage Abhyanga peut \u00eatre recommand\u00e9 aux personnes nerveuses, souffrant de stress, de <a href=\"https:\/\/www.passeportsante.net\/fr\/Maux\/Symptomes\/Fiche.aspx?doc=fatigue-symptome\" target=\"_blank\" rel=\"noopener\">fatigue\u00a0<\/a>et ayant du mal \u00e0 g\u00e9rer leurs \u00e9motions. Mais toute personne ayant un quotidien charg\u00e9 appr\u00e9ciera ce soin relaxant \ud83d\ude09<\/p><\/div><\/div><h5>D\u00e9tail de la s\u00e9ance<\/h5><p>S\u00e9ance 60 min\u00a0<\/p>\t\t\t\t\t\t\t\t<\/div>\n\t\t\t\t<\/div>\n\t\t\t\t\t<\/div>\n\t\t\t\t<\/div>\n\t\t<div class=\"elementor-element elementor-element-aba9537 e-flex e-con-boxed e-con e-parent\" data-id=\"aba9537\" data-element_type=\"container\" data-e-type=\"container\">\n\t\t\t\t\t<div class=\"e-con-inner\">\n\t\t\t\t<div class=\"elementor-element elementor-element-a066d4d elementor-widget elementor-widget-heading\" data-id=\"a066d4d\" data-element_type=\"widget\" data-e-type=\"widget\" data-widget_type=\"heading.default\">\n\t\t\t\t<div class=\"elementor-widget-container\">\n\t\t\t\t\t<h2 class=\"elementor-heading-title elementor-size-default\">Soin \u00e9nerg\u00e9tique Access Bar<\/h2>\t\t\t\t<\/div>\n\t\t\t\t<\/div>\n\t\t\t\t<div class=\"elementor-element elementor-element-d6037fb elementor-align-center elementor-widget elementor-widget-button\" data-id=\"d6037fb\" data-element_type=\"widget\" data-e-type=\"widget\" data-widget_type=\"button.default\">\n\t\t\t\t<div class=\"elementor-widget-container\">\n\t\t\t\t\t\t\t\t\t<div class=\"elementor-button-wrapper\">\n\t\t\t\t\t<a class=\"elementor-button elementor-button-link elementor-size-sm\" href=\"https:\/\/calendly.com\/signoretanais\">\n\t\t\t\t\t\t<span class=\"elementor-button-content-wrapper\">\n\t\t\t\t\t\t\t\t\t<span class=\"elementor-button-text\">R\u00e9server une s\u00e9ance Access Bar<\/span>\n\t\t\t\t\t<\/span>\n\t\t\t\t\t<\/a>\n\t\t\t\t<\/div>\n\t\t\t\t\t\t\t\t<\/div>\n\t\t\t\t<\/div>\n\t\t\t\t<div class=\"elementor-element elementor-element-ddae79b elementor-widget elementor-widget-image\" data-id=\"ddae79b\" data-element_type=\"widget\" data-e-type=\"widget\" data-widget_type=\"image.default\">\n\t\t\t\t<div class=\"elementor-widget-container\">\n\t\t\t\t\t\t\t\t\t\t\t\t\t\t\t<img loading=\"lazy\" decoding=\"async\" width=\"525\" height=\"394\" src=\"https:\/\/signoretanais.com\/wp-content\/uploads\/2024\/09\/ai-generated-8930733_1280-768x576.jpg\" class=\"attachment-medium_large size-medium_large wp-image-326\" alt=\"\" srcset=\"https:\/\/signoretanais.com\/wp-content\/uploads\/2024\/09\/ai-generated-8930733_1280-768x576.jpg 768w, https:\/\/signoretanais.com\/wp-content\/uploads\/2024\/09\/ai-generated-8930733_1280-350x263.jpg 350w, https:\/\/signoretanais.com\/wp-content\/uploads\/2024\/09\/ai-generated-8930733_1280-300x225.jpg 300w, https:\/\/signoretanais.com\/wp-content\/uploads\/2024\/09\/ai-generated-8930733_1280-1024x768.jpg 1024w, https:\/\/signoretanais.com\/wp-content\/uploads\/2024\/09\/ai-generated-8930733_1280.jpg 1280w\" sizes=\"100vw\" \/>\t\t\t\t\t\t\t\t\t\t\t\t\t\t\t<\/div>\n\t\t\t\t<\/div>\n\t\t\t\t<div class=\"elementor-element elementor-element-d000c14 elementor-widget elementor-widget-text-editor\" data-id=\"d000c14\" data-element_type=\"widget\" data-e-type=\"widget\" data-widget_type=\"text-editor.default\">\n\t\t\t\t<div class=\"elementor-widget-container\">\n\t\t\t\t\t\t\t\t\t<p>Access Bars\u00a0c\u2019est 32 points sur ta t\u00eate qui, lorsqu\u2019ils sont d\u00e9licatement touch\u00e9s, rel\u00e2chent, sans effort et avec facilit\u00e9, les pens\u00e9es, les id\u00e9es, les croyances, les \u00e9motions et les consid\u00e9rations qui vous arr\u00eatent dans la cr\u00e9ation d\u2019une vie que vous aimez.\u00a0<span style=\"color: var( --e-global-color-text ); font-family: var( --e-global-typography-text-font-family ), Sans-serif; font-weight: var( --e-global-typography-text-font-weight ); text-align: var(--text-align); font-size: 1rem;\">Le soin Access Bar est accessible \u00e0 tous, petits et grands \ud83d\ude00<\/span><\/p><h5><strong>B\u00c9N\u00c9FICES &#8211; Access Bar<\/strong><\/h5><p>Access Bars, \u00e7a peut ressembler \u00e0 appuyer sur le bouton supprimer du disque dur encombr\u00e9 de votre ordinateur \u2013 sauf que cette fois-ci, vous cr\u00e9ez de l\u2019espace dans votre cerveau.<\/p><p>Des choses telles que des sch\u00e9mas de pens\u00e9e n\u00e9gatifs, ou ce bavardage mental incessant qui vous maintient \u00e9veill\u00e9 la nuit, peuvent \u00eatre rel\u00e2ch\u00e9es et faire place au calme que vous recherchez.<\/p><h5 data-start=\"974\" data-end=\"1125\">Pourquoi faire une cure de s\u00e9ances Access Bars ?<\/h5><p data-start=\"974\" data-end=\"1125\">Une seule s\u00e9ance procure une sensation de relaxation et de l\u00e9g\u00e8ret\u00e9, mais <strong data-start=\"1048\" data-end=\"1122\">les r\u00e9sultats les plus durables apparaissent avec une s\u00e9rie de s\u00e9ances<\/strong>.<\/p><p data-start=\"1127\" data-end=\"1156\">En cure (5 ou 10 s\u00e9ances) :<\/p><ul data-start=\"1157\" data-end=\"1407\"><li data-section-id=\"1s60kgx\" data-start=\"1157\" data-end=\"1214\">les blocages \u00e9nerg\u00e9tiques s\u2019estompent progressivement<\/li><li data-section-id=\"i6eh3w\" data-start=\"1215\" data-end=\"1261\">le mental se d\u00e9tend de mani\u00e8re plus stable<\/li><li data-section-id=\"1oxgnoq\" data-start=\"1262\" data-end=\"1307\">le stress et l\u2019anxi\u00e9t\u00e9 sont mieux r\u00e9gul\u00e9s<\/li><li data-section-id=\"7pa3gf\" data-start=\"1308\" data-end=\"1407\">l\u2019\u00e9nergie vitale circule plus librement, favorisant un \u00e9quilibre global du corps et de l\u2019esprit<\/li><\/ul><p data-start=\"1409\" data-end=\"1584\"><strong data-start=\"1412\" data-end=\"1431\">Astuce pratique<\/strong> : une cure de 5 s\u00e9ances permet d\u00e9j\u00e0 un vrai apaisement mental et \u00e9motionnel, tandis qu\u2019une cure de 10 s\u00e9ances installe un mieux-\u00eatre durable et profond.<\/p><h5>D\u00e9tail de la s\u00e9ance<\/h5><p>S\u00e9ance 40 \u00e0 60 min (selon les besoins)<\/p>\t\t\t\t\t\t\t\t<\/div>\n\t\t\t\t<\/div>\n\t\t\t\t\t<\/div>\n\t\t\t\t<\/div>\n\t\t\t\t<\/div>\n\t\t","protected":false},"excerpt":{"rendered":"<p>Drainage Lymphatique (m\u00e9t. Vodder) R\u00e9server un drainage lymphatique Lorsque, dans les ann\u00e9es 30, le Dr. Emil Vodder\u00a0d\u00e9veloppe le drainage lymphatique manuel en France, il ne pouvait pas se r\u00e9f\u00e9rer \u00e0 des techniques manuelles existantes. Les massages classiques qui travaillent sur la musculature et les fascias n\u2019\u00e9taient pas une base pour cr\u00e9er une technique qui devait &hellip; <\/p>\n<p class=\"link-more\"><a href=\"https:\/\/signoretanais.com\/index.php\/massage\/\" class=\"more-link\">Continuer la lecture<span class=\"screen-reader-text\"> de &laquo;&nbsp;Massage Th\u00e9rapeutique&nbsp;&raquo;<\/span><\/a><\/p>\n","protected":false},"author":1,"featured_media":0,"parent":0,"menu_order":0,"comment_status":"closed","ping_status":"closed","template":"","meta":{"_monsterinsights_skip_tracking":false,"_monsterinsights_sitenote_active":false,"_monsterinsights_sitenote_note":"","_monsterinsights_sitenote_category":0,"_uf_show_specific_survey":0,"_uf_disable_surveys":false,"footnotes":""},"class_list":["post-119","page","type-page","status-publish","hentry"],"aioseo_notices":[],"jetpack_sharing_enabled":true,"_links":{"self":[{"href":"https:\/\/signoretanais.com\/index.php\/wp-json\/wp\/v2\/pages\/119","targetHints":{"allow":["GET"]}}],"collection":[{"href":"https:\/\/signoretanais.com\/index.php\/wp-json\/wp\/v2\/pages"}],"about":[{"href":"https:\/\/signoretanais.com\/index.php\/wp-json\/wp\/v2\/types\/page"}],"author":[{"embeddable":true,"href":"https:\/\/signoretanais.com\/index.php\/wp-json\/wp\/v2\/users\/1"}],"replies":[{"embeddable":true,"href":"https:\/\/signoretanais.com\/index.php\/wp-json\/wp\/v2\/comments?post=119"}],"version-history":[{"count":47,"href":"https:\/\/signoretanais.com\/index.php\/wp-json\/wp\/v2\/pages\/119\/revisions"}],"predecessor-version":[{"id":838,"href":"https:\/\/signoretanais.com\/index.php\/wp-json\/wp\/v2\/pages\/119\/revisions\/838"}],"wp:attachment":[{"href":"https:\/\/signoretanais.com\/index.php\/wp-json\/wp\/v2\/media?parent=119"}],"curies":[{"name":"wp","href":"https:\/\/api.w.org\/{rel}","templated":true}]}}