{"id":607,"date":"2025-12-26T17:56:16","date_gmt":"2025-12-26T16:56:16","guid":{"rendered":"https:\/\/signoretanais.com\/?page_id=607"},"modified":"2025-12-26T18:25:34","modified_gmt":"2025-12-26T17:25:34","slug":"boutique-2","status":"publish","type":"page","link":"https:\/\/signoretanais.com\/index.php\/boutique-2\/","title":{"rendered":"Boutique"},"content":{"rendered":"\t\t<div data-elementor-type=\"wp-page\" data-elementor-id=\"607\" class=\"elementor elementor-607\">\n\t\t\t\t<div class=\"elementor-element elementor-element-39ffd50 e-flex e-con-boxed e-con e-parent\" data-id=\"39ffd50\" data-element_type=\"container\" data-e-type=\"container\">\n\t\t\t\t\t<div class=\"e-con-inner\">\n\t\t\t\t<div class=\"elementor-element elementor-element-b3a85c1 elementor-widget elementor-widget-text-editor\" data-id=\"b3a85c1\" data-element_type=\"widget\" data-e-type=\"widget\" data-widget_type=\"text-editor.default\">\n\t\t\t\t<div class=\"elementor-widget-container\">\n\t\t\t\t\t\t\t\t\t<p data-start=\"85\" data-end=\"153\">\ud83c\udf3f <strong data-start=\"88\" data-end=\"148\">Des ressources et cadeaux naturels pour toute la famille<\/strong> \ud83c\udf3f<\/p><p data-start=\"155\" data-end=\"281\">D\u00e9couvrez la s\u00e9lection de <strong data-start=\"181\" data-end=\"277\">supports digitaux et cadeaux pens\u00e9s pour accompagner le bien-\u00eatre des enfants et des parents<\/strong> :<\/p><ul data-start=\"282\" data-end=\"570\"><li data-start=\"282\" data-end=\"400\"><p data-start=\"284\" data-end=\"400\"><strong data-start=\"284\" data-end=\"305\">E-books pratiques<\/strong> pour apprendre \u00e0 utiliser les produits naturels et prendre soin de vos enfants au quotidien.<\/p><\/li><li data-start=\"401\" data-end=\"482\"><p data-start=\"403\" data-end=\"482\"><strong data-start=\"403\" data-end=\"419\">Bons cadeaux<\/strong> pour offrir un moment de bien-\u00eatre personnalis\u00e9 \u00e0 un proche.<\/p><\/li><li data-start=\"483\" data-end=\"570\"><p data-start=\"485\" data-end=\"570\"><strong data-start=\"485\" data-end=\"513\">Produits Secrets de Miel<\/strong> adapt\u00e9s aux besoins des tout-petits (conseils inclus).<\/p><\/li><\/ul><p data-start=\"572\" data-end=\"710\">Chaque achat est une <strong data-start=\"593\" data-end=\"657\">invitation \u00e0 explorer le naturel avec simplicit\u00e9 et s\u00e9curit\u00e9<\/strong>, pour le confort de vos enfants et votre s\u00e9r\u00e9nit\u00e9.<\/p><p data-start=\"712\" data-end=\"772\">\ud83d\udc9a <em data-start=\"715\" data-end=\"770\">Offrez du naturel, offrez du soin, offrez du bonheur.<\/em><\/p>\t\t\t\t\t\t\t\t<\/div>\n\t\t\t\t<\/div>\n\t\t\t\t\t<\/div>\n\t\t\t\t<\/div>\n\t\t\t\t<\/div>\n\t\t","protected":false},"excerpt":{"rendered":"<p>\ud83c\udf3f Des ressources et cadeaux naturels pour toute la famille \ud83c\udf3f D\u00e9couvrez la s\u00e9lection de supports digitaux et cadeaux pens\u00e9s pour accompagner le bien-\u00eatre des enfants et des parents : E-books pratiques pour apprendre \u00e0 utiliser les produits naturels et prendre soin de vos enfants au quotidien. Bons cadeaux pour offrir un moment de bien-\u00eatre &hellip; <\/p>\n<p class=\"link-more\"><a href=\"https:\/\/signoretanais.com\/index.php\/boutique-2\/\" class=\"more-link\">Continuer la lecture<span class=\"screen-reader-text\"> de &laquo;&nbsp;Boutique&nbsp;&raquo;<\/span><\/a><\/p>\n","protected":false},"author":1,"featured_media":0,"parent":0,"menu_order":0,"comment_status":"closed","ping_status":"closed","template":"","meta":{"_monsterinsights_skip_tracking":false,"_monsterinsights_sitenote_active":false,"_monsterinsights_sitenote_note":"","_monsterinsights_sitenote_category":0,"_uf_show_specific_survey":0,"_uf_disable_surveys":false,"footnotes":""},"class_list":["post-607","page","type-page","status-publish","hentry"],"aioseo_notices":[],"jetpack_sharing_enabled":true,"_links":{"self":[{"href":"https:\/\/signoretanais.com\/index.php\/wp-json\/wp\/v2\/pages\/607","targetHints":{"allow":["GET"]}}],"collection":[{"href":"https:\/\/signoretanais.com\/index.php\/wp-json\/wp\/v2\/pages"}],"about":[{"href":"https:\/\/signoretanais.com\/index.php\/wp-json\/wp\/v2\/types\/page"}],"author":[{"embeddable":true,"href":"https:\/\/signoretanais.com\/index.php\/wp-json\/wp\/v2\/users\/1"}],"replies":[{"embeddable":true,"href":"https:\/\/signoretanais.com\/index.php\/wp-json\/wp\/v2\/comments?post=607"}],"version-history":[{"count":10,"href":"https:\/\/signoretanais.com\/index.php\/wp-json\/wp\/v2\/pages\/607\/revisions"}],"predecessor-version":[{"id":630,"href":"https:\/\/signoretanais.com\/index.php\/wp-json\/wp\/v2\/pages\/607\/revisions\/630"}],"wp:attachment":[{"href":"https:\/\/signoretanais.com\/index.php\/wp-json\/wp\/v2\/media?parent=607"}],"curies":[{"name":"wp","href":"https:\/\/api.w.org\/{rel}","templated":true}]}}